46
What is the greatest common divisor of 2209768 and 616?
88
Calculate the highest common divisor of 4519 and 53.
1
What is the highest common divisor of 909 and 54843?
303
What is the highest common divisor of 111848 and 164?
164
What is the highest common factor of 15583 and 2?
1
Calculate the highest common factor of 139552 and 672.
224
Calculate the greatest common factor of 55242 and 1.
1
Calculate the greatest common factor of 300 and 2785.
5
Calculate the greatest common divisor of 817 and 29507.
19
What is the greatest common divisor of 279752 and 1122?
374
Calculate the greatest common divisor of 23876 and 23500.
188
Calculate the highest common divisor of 212 and 64978.
106
Calculate the greatest common factor of 14 and 77595.
7
What is the greatest common divisor of 210 and 96250?
70
What is the greatest common divisor of 35364 and 19236?
84
What is the greatest common factor of 459059 and 703?
703
Calculate the highest common factor of 1 and 14747.
1
Calculate the highest common divisor of 252 and 59346.
126
Calculate the highest common factor of 2 and 13783.
1
What is the greatest common divisor of 4482 and 45650?
166
What is the highest common factor of 8 and 3052?
4
Calculate the highest common divisor of 23960 and 1685.
5
What is the highest common factor of 1064 and 8888?
8
Calculate the highest common divisor of 336 and 52864.
112
Calculate the highest common factor of 66600 and 75.
75
Calculate the greatest common factor of 5616 and 1616.
16
Calculate the greatest common divisor of 12395 and 26085.
185
Calculate the highest common factor of 29 and 13511071.
29
Calculate the highest common divisor of 612 and 34901.
17
What is the highest common divisor of 448 and 27136?
64
Calculate the highest common factor of 767 and 146497.
767
Calculate the greatest common divisor of 2776 and 3817.
347
What is the greatest common divisor of 117 and 22191?
39
What is the greatest common divisor of 3654 and 26187?
609
Calculate the greatest common factor of 1602 and 6586.
178
What is the highest common factor of 471114 and 360?
18
Calculate the greatest common factor of 2106598 and 39.
13
Calculate the highest common divisor of 36 and 5988.
12
What is the highest common factor of 714 and 23996?
14
Calculate the highest common divisor of 2592 and 48195.
81
Calculate the greatest common divisor of 480 and 8920.
40
What is the greatest common divisor of 633 and 351?
3
What is the highest common divisor of 1023594 and 546?
78
Calculate the highest common factor of 1914 and 44544.
174
What is the greatest common divisor of 53 and 4837522?
53
Calculate the greatest common factor of 44418 and 1254.
66
Calculate the highest common factor of 2016 and 173208.
168
What is the highest common divisor of 16430 and 41540?
310
What is the highest common factor of 2023 and 35?
7
What is the greatest common factor of 3537 and 61533?
27
Calculate the highest common factor of 7221 and 199698.
249
What is the highest common factor of 1876 and 2613?
67
What is the highest common divisor of 5340 and 11940?
60
Calculate the greatest common divisor of 42097 and 12298.
473
What is the highest common factor of 4522 and 11186?
238
What is the highest common divisor of 100 and 238300?
100
Calculate the greatest common divisor of 171 and 931.
19
Calculate the highest common factor of 12370 and 130.
10
Calculate the greatest common factor of 83234 and 2.
2
What is the greatest common factor of 2915 and 803?
11
What is the highest common factor of 648 and 7368?
24
What is the greatest common factor of 277 and 11499101?
277
Calculate the highest common divisor of 7568 and 869.
11
Calculate the greatest common factor of 88 and 8503.
11
What is the highest common divisor of 273 and 10290?
21
What is the highest common divisor of 125035 and 170?
85
What is the greatest common divisor of 420 and 63960?
60
Calculate the greatest common divisor of 80 and 62360.
40
What is the greatest common factor of 276 and 3972?
12
Calculate the greatest common factor of 20049 and 369.
123
Calculate the greatest common factor of 2077 and 1139.
67
Calculate the highest common factor of 1010 and 652.
2
What is the highest common factor of 9951934 and 19?
19
Calculate the highest common divisor of 12 and 2520852.
12
Calculate the highest common divisor of 96 and 266864.
16
Calculate the highest common divisor of 67 and 498011.
67
Calculate the highest common factor of 660 and 2598.
6
What is the greatest common factor of 1648 and 28325?
103
Calculate the greatest common divisor of 138482 and 442.
34
What is the greatest common divisor of 107557 and 295?
59
What is the highest common divisor of 126 and 5726?
14
Calculate the greatest common factor of 4664 and 2008.
8
Calculate the highest common divisor of 489357 and 18.
9
What is the greatest common factor of 185040 and 64?
16
What is the greatest common factor of 4116 and 3276?
84
Calculate the highest common divisor of 240281 and 22103.
713
Calculate the greatest common factor of 225384 and 120.
24
What is the highest common factor of 1216985 and 6090?
1015
What is the greatest common factor of 508095 and 315?
315
What is the greatest common divisor of 289 and 51?
17
What is the greatest common divisor of 141887 and 2139?
713
Calculate the greatest common divisor of 127880 and 184.
184
Calculate the greatest common factor of 145429 and 391.
23
What is the highest common factor of 4814272 and 64?
64
Calculate the greatest common divisor of 5673528 and 56.
56
Calculate the highest common divisor of 14796 and 10138.
274
Calculate the greatest common divisor of 116450 and 6.
2
Calculate the highest common divisor of 5278 and 43558.
58
Calculate the highest common divisor of 19683825 and 35.
35
What is the greatest common divisor of 245 and 9690240?
245
Calculate the greatest common divisor of 13575 and 120.
15
What is the highest common factor of 119 and 18071?
17
Calculate the highest common divisor of 236028 and 20553.
663
Calculate the greatest common factor of 12341 and 1075.
43
What is the greatest common factor of 11274 and 48?
6
What is the greatest common divisor of 1932 and 49128?
276
Calculate the highest common factor of 376 and 3023980.
188
What is the greatest common factor of 32 and 22432?
32
What is the greatest common divisor of 4072 and 72?
8
Calculate the highest common factor of 132 and 60148.
44
What is the highest common factor of 640 and 5780?
20
Calculate the highest common divisor of 50 and 16514.
2
Calculate the greatest common factor of 3309451 and 556.
139
What is the highest common factor of 2140 and 12412?
428
Calculate the greatest common divisor of 2 and 18637.
1
What is the greatest common divisor of 15312 and 6424?
88
What is the highest common factor of 73051 and 458?
229
What is the highest common divisor of 4571 and 24814?
653
What is the greatest common divisor of 147599 and 309?
103
Calculate the highest common factor of 85 and 643688.
17
What is the greatest common factor of 27444 and 36?
12
What is the highest common divisor of 855582 and 2366?
182
What is the highest common factor of 212 and 77698?
106
Calculate the greatest common factor of 6886 and 25979.
313
Calculate the highest common divisor of 53 and 1973932.
53
What is the greatest common factor of 127 and 2315718?
127
What is the highest common factor of 1134 and 497?
7
What is the highest common factor of 530 and 11630?
10
Calculate the greatest common divisor of 5046 and 13282.
58
What is the highest common divisor of 171 and 4504596?
57
What is the greatest common factor of 868434 and 8694?
966
What is the greatest common divisor of 17302 and 221972?
422
What is the greatest common factor of 441 and 6534?
9
What is the highest common divisor of 59496 and 9546?
222
What is the greatest common divisor of 1928983 and 245?
49
What is the greatest common factor of 62239 and 218?
109
What is the highest common factor of 1696 and 154124?
212
Calculate the highest common factor of 21594 and 1830.
366
What is the greatest common factor of 93311 and 207?
23
What is the highest common divisor of 25310 and 10?
10
What is the highest common divisor of 273 and 250523?
91
Calculate the highest common divisor of 1547 and 1904.
119
What is the greatest com